s 30712 a multiple of 44?
True
Does 38 divide 1239?
False
Does 21 divide 210?
True
Is 219 a multiple of 32?
False
Is 7 a factor of 32921?
True
Is 17 a factor of 1003?
True
Is 5 a factor of 6735?
True
Is 209 a multiple of 11?
True
Is 1324 a multiple of 27?
False
Does 6 divide 13817?
False
Is 351 a multiple of 9?
True
Does 3 divide 16003?
False
Is 2520 a multiple of 15?
True
Does 450 divide 151052?
False
Is 43 a factor of 103?
False
Is 4 a factor of 640?
True
Does 63 divide 523?
False
Is 86 a multiple of 43?
True
Is 4956 a multiple of 42?
True
Does 10 divide 2715?
False
Is 2616 a multiple of 24?
True
Is 12 a factor of 17852?
False
Does 4 divide 103?
False
Does 14 divide 307?
False
Is 49651 a multiple of 7?
True
Does 3 divide 10218?
True
Is 320 a factor of 48320?
True
Does 157 divide 8635?
True
Is 108 a factor of 12528?
True
Does 5 divide 2283?
False
Is 4 a factor of 880?
True
Does 24 divide 3464?
False
Does 44 divide 2428?
False
Is 4 a factor of 944?
True
Is 1838 a multiple of 3?
False
Does 28 divide 1340?
False
Is 176 a factor of 16896?
True
Does 18 divide 70332?
False
Does 8 divide 6405?
False
Is 215 a multiple of 21?
False
Is 8 a factor of 960?
True
Is 40 a factor of 1219?
False
Does 27 divide 15916?
False
Does 11 divide 2156?
True
Is 8248 a multiple of 8?
True
Is 1204 a multiple of 14?
True
Is 6 a factor of 1129?
False
Is 1145 a multiple of 14?
False
Is 16 a factor of 2420?
False
Does 2 divide 3122?
True
Does 14 divide 154?
True
Does 7 divide 2616?
False
Does 7 divide 2291?
False
Does 16 divide 5131?
False
Does 64 divide 759?
False
Does 111 divide 82473?
True
Is 19 a factor of 3154?
True
Is 34 a factor of 326?
False
Is 15 a factor of 11100?
True
Is 24 a factor of 2052?
False
Does 14 divide 4742?
False
Is 1152 a multiple of 12?
True
Is 265 a multiple of 30?
False
Does 34 divide 1781?
False
Is 4256 a multiple of 14?
True
Is 169 a factor of 15469?
False
Is 414 a multiple of 69?
True
Does 19 divide 399?
True
Is 45252 a multiple of 54?
True
Is 43 a factor of 55904?
False
Is 128 a factor of 16768?
True
Is 13 a multiple of 7?
False
Is 2749 a multiple of 30?
False
Is 1957 a multiple of 47?
False
Is 13 a factor of 420?
False
Is 119 a multiple of 7?
True
Is 2 a factor of 2921?
False
Does 192 divide 22464?
True
Does 37 divide 743?
False
Is 305 a factor of 28365?
True
Is 3 a factor of 29?
False
Does 16 divide 824?
False
Is 14996 a multiple of 23?
True
Is 24 a factor of 248?
False
Is 2 a factor of 2830?
True
Does 66 divide 15003?
False
Is 11 a factor of 1474?
True
Is 11 a factor of 2334?
False
Is 20666 a multiple of 44?
False
Is 881 a multiple of 66?
False
Does 23 divide 147?
False
Is 141 a multiple of 9?
False
Is 106 a factor of 45580?
True
Is 4 a factor of 3976?
True
Does 20 divide 392?
False
Is 53 a factor of 20140?
True
Is 16 a factor of 4720?
True
Is 16 a factor of 35?
False
Is 32 a factor of 2336?
True
Is 109530 a multiple of 291?
False
Is 476 even?
True
Is 66 a factor of 7524?
True
Is 104126 a multiple of 22?
True
Is 20 a factor of 946?
False
Does 73 divide 1387?
True
Is 8 a factor of 262?
False
Is 54 a factor of 989?
False
Is 82467 a multiple of 17?
True
Is 15 a factor of 10890?
True
Is 29790 a multiple of 18?
True
Is 7 a factor of 166?
False
Is 24 a factor of 320?
False
Is 34 a factor of 14280?
True
Is 594 a multiple of 54?
True
Does 11 divide 22462?
True
Does 20 divide 145194?
False
Is 3 a factor of 6551?
False
Does 29 divide 754?
True
Is 288 a multiple of 9?
True
Is 162 a factor of 7741?
False
Does 18 divide 939?
False
Is 160 a factor of 7189?
False
Does 44 divide 1439?
False
Is 12 a factor of 35366?
False
Is 120 a multiple of 40?
True
Does 35 divide 109060?
True
Is 106698 a multiple of 51?
False
Is 22993 a multiple of 46?
False
Is 286 a multiple of 9?
False
Is 4901 a multiple of 29?
True
Is 1710 a multiple of 19?
True
Is 126 a multiple of 7?
True
Does 57 divide 110580?
True
Does 14 divide 336?
True
Does 4 divide 19264?
True
Is 5 a multiple of 2?
False
Is 27 a factor of 4825?
False
Is 6380 a multiple of 29?
True
Is 333 a factor of 163836?
True
Does 286 divide 5434?
True
Is 4639 a multiple of 7?
False
Is 26 a factor of 3064?
False
Is 2 a factor of 163?
False
Is 20 a factor of 8980?
True
Does 8 divide 223?
False
Is 6380 a multiple of 22?
True
Does 24 divide 3768?
True
Is 56 a factor of 5096?
True
Is 15 a factor of 414?
False
Is 10 a factor of 291?
False
Does 74 divide 2576?
False
Is 16 a factor of 32628?
False
Is 9 a factor of 646?
False
Does 27 divide 1626?
False
Does 63 divide 189?
True
Does 79 divide 6478?
True
Does 55 divide 275?
True
Does 8 divide 544?
True
Does 16 divide 34495?
False
Is 27 a factor of 134649?
True
Does 13 divide 23543?
True
Is 43644 a multiple of 12?
True
Is 66 a factor of 1732?
False
Is 29 a factor of 2958?
True
Does 142 divide 10808?
False
Is 35 a factor of 8464?
False
Is 2580 a multiple of 20?
True
Is 28116 a multiple of 18?
True
Does 26 divide 130?
True
Is 13 a factor of 611?
True
Does 7 divide 3654?
True
Is 144 a multiple of 16?
True
Is 15885 a multiple of 9?
True
Does 66 divide 1650?
True
Is 2992 a multiple of 34?
True
Is 9215 a multiple of 177?
False
Is 5742 a multiple of 99?
True
Is 269 a multiple of 30?
False
Is 78 a multiple of 14?
False
Is 23 a factor of 1909?
True
Is 25 a factor of 775?
True
Is 28 a factor of 40806?
False
Does 126 divide 2646?
True
Does 13 divide 143?
True
Is 472 a multiple of 13?
False
Is 18676 a multiple of 9?
False
Does 5 divide 70?
True
Does 11 divide 407?
True
Is 2205 a multiple of 9?
True
Is 6354 a multiple of 9?
True
Does 8 divide 12144?
True
Does 198 divide 111870?
True
Is 25 a factor of 8900?
True
Is 96 a factor of 14659?
False
Is 3346 a multiple of 9?
False
Is 16517 a multiple of 8?
False
Is 214 a factor of 15874?
False
Is 19219 a multiple of 29?
False
Is 7 a factor of 3038?
True
Is 6783 a multiple of 133?
True
Is 638 a multiple of 7?
False
Does 61 divide 908?
False
Is 236 a multiple of 22?
False
Is 14 a factor of 9781?
False
Is 6 a factor of 3022?
False
Is 14 a factor of 98?
True
Is 101184 a multiple of 372?
True
Does 69 divide 14870?
False
Is 110 a factor of 10010?
True
Is 6 a factor of 330?
True
Does 17 divide 11630?
False
Does 44 divide 352?
True
Is 29064 a multiple of 84?
True
Is 17 a factor of 3042?
False
Is 29 a factor of 70528?
True
Is 4 a factor of 2682?
False
Is 14 a factor of 5320?
True
Is 11 a factor of 11352?
True
Is 1568 a multiple of 49?
True
Does 2 divide 262?
True
Does 3 divide 6544?
False
Does 7 divide 509?
False
Does 17 divide 1242?
False
Is 1156 a multiple of 34?
True
Is 5595 a multiple of 15?
True
Is 1064 a multiple of 50?
False
Is 9 a factor of 498?
False
Does 2 divide 13?
False
Is 2600 a multiple of 52?
True
Is 6580 a multiple of 14?
True
Is 10 a factor of 220?
True
Is 17442 a multiple of 156?
False
Is 4 a factor of 4600?
True
Is 21093 a multiple of 89?
True
Does 11 divide 13420?
True
Is 125 a multiple of 25?
True
Is 44 a factor of 1121?
False
Is 110 a multiple of 3?
False
Does 36 divide 7416?
True
Does 19 divide 2260?
False
Is 3018 a multiple of 9?
False
Is 17 a factor of 1088?
True
Is 10 a factor of 2142?
False
Is 71051 a multiple of 14?
False
Is 4448 a multiple of 8?
True
Does 34 divide 3332?
True
Is 14 a factor of 224?
True
Is 44 a factor of 968?
True
Is 202 a multiple of 29?
False
Is 836 a multiple of 24?
False
Is 69 a factor of 3588?
True
Is 38 a factor of 570?
True
Is 246 a factor of 26816?
False
Is 999 a multiple of 37?
True
Does 28 divide 13860?
True
Is 68 a factor of 17227?
False
Is 180 a multiple of 19?
False
Is 32984 a multiple of 34?
False
Does 40 divide 2794?
False
Does 160 divide 47680?
True
Does 8 divide 72?
True
Does 171 divide 41724?
True
Is 1582 a multiple of 14?
True
Is 390 a multiple of 10?
True
Is 29 a factor of 5452?
True
Is 8 a factor of 7574?
False
Does 23 divide 18729?
False
Is 75 a factor of 10963?
False
Does 9 divide 7038?
True
Does 37 divide 740?
True
Is 29314 a multiple of 97?
False
Does 12 divide 6045?
False
Is 31 a multiple of 5?
False
Is 77 a multiple of 9?
False
Does 90 divide 27801?
False
Does 5 divide 4200?
True
Is 43 a factor of 17974?
True
Is 21 a factor of 18690?
True
Does 7 divide 518?
True
Is 58 a factor of 743?
False
Does 18 divide 46866?
False
Is 430 a multiple of 12?
False
Is 34 a factor of 1339?
False
Does 26 div